 -2*g(q) + 25*o(q). Calculate t(12).
-76
Let g(y) = -y**3 + 6*y**2 + 7*y - 7. Let t(l) = -9*l**3 - l**2 + l**2 + 1 - 5*l + 8*l. Let x be t(-1). Determine g(x).
-7
Let b(v) = 28*v**3 - 2*v**2 + 2*v - 1. Let z(t) = -2*t**2 - 7*t + 1. Let f be z(-2). Suppose -f*r - 372 + 379 = 0. What is b(r)?
27
Suppose -4*f - m = -19, 3*f - 8*f + 4*m + 29 = 0. Let s be 1/(-3) - 1/(-3). Suppose s = y - f + 17. Let l(i) = i**3 + 13*i**2 + 11*i - 8. Give l(y).
4
Let m(p) be the first derivative of 4*p**2 + 8*p + 523. Determine m(0).
8
Let n(p) = -p**2 - 9*p + 2. Suppose -4*y + 298 = 2*v, 16*v = 17*v - 5. Suppose -w = 7*w + y. What is n(w)?
2
Let h(k) = 3*k**2 + 60*k + 221. Let a be h(-14). Let q(n) = -10*n - 294. Determine q(a).
16
Let j(a) be the third derivative of 0 + 7/6*a**3 + 0*a - 32*a**2 - 1/24*a**4. Let h = 131 - 126. What is j(h)?
2
Let i be (((-6)/5)/(-3)*-5)/((-62)/(-527)). Let y(c) = 2*c**2 + 33*c - 19. Determine y(i).
-2
Suppose -2*w + 6 = -3*h - w, 2*w + 9 = -h. Let j(k) = 10976727*k - 5*k**2 + 4*k**2 - 10976726*k + 4. Calculate j(h).
-8
Let a(f) = 2*f - 44. Let j = 4326 - 4306. Determine a(j).
-4
Let g = -13/306 + 83/153. Let x(a) be the first derivative of -9*a + g*a**2 - 5. What is x(4)?
-5
Let g(l) = -5*l + 11. Let c be ((-10)/350*-21)/((1/15)/1). Calculate g(c).
-34
Let p(d) = 2*d - 13. Let h be (-6)/(-9)*90/12*-5. Let x(s) = s**2 + 26*s + 30. Let w be x(h). Give p(w).
-3
Let t(o) = -7*o**2 - 6*o + 6. Let a(u) = 16*u**2 + 16*u - 12. Let d(r) = -4*a(r) - 9*t(r). Suppose 0*c - 5 = 2*x + 3*c, -5*x = -4*c + 47. What is d(x)?
15
Suppose -113 = 4*a + 55. Let k = 38 - -6. Let s = k + a. Let u(g) = -2*g + 1. What is u(s)?
-3
Suppose -5*i + 17 = -j, 2*j + 2 = 3*i - i. Suppose -21*h = -29*h + 24. Let m(w) = h + 0 + 0 + 3*w - i*w. Determine m(5).
-2
Let g(a) = 5*a - 101. Suppose 51*v - 4834 = -138*v - 298. Give g(v).
19
Let c(b) be the first derivative of b**4/4 + 13*b**3/3 + b**2/2 - 3*b - 1. Let u(h) = 161*h + 26230. Let z be u(-163). Give c(z).
-16
Suppose -3*f - 3*l + 31 - 7 = 0, -3*f - 5*l + 30 = 0. Let r(t) be the second derivative of 1/3*t**3 - 7/2*t**2 + 0 + 6*t. What is r(f)?
3
Let w(o) = -o**3 - 3*o**2 + 4. Let y be w(-3). Let p(f) = 2*f - 2. Let k(x) = x. Let u = -107 - -104. Let l(i) = u*k(i) - p(i). Calculate l(y).
-18
Let f(y) be the second derivative of y**5/20 - 5*y**4/6 + 5*y**3/6 - 45*y**2/2 + 2*y - 73. Give f(10).
5
Let g(s) = s**2 + 5*s - 7. Let r be g(-6). Let x(b) = 1227*b + 18. Let j(o) = -5113*o - 75. Let u(v) = -6*j(v) - 25*x(v). Give u(r).
-3
Let g(w) = -152*w + 1 + 6 + 136*w. Let i be g(0). Let r(k) = k. What is r(i)?
7
Let c(p) = 93*p - 87*p + 2474 - 2470. Let k be (5/(-2))/(3/(-6)). What is c(k)?
34
Let a(r) be the first derivative of r**3/3 + 31*r**2/2 + 244*r - 3027. Give a(-14).
6
Let k be 35/((-35)/6) - -8. Let z(l) = 3*l**2 + 2. What is z(k)?
14
Suppose 5*j = -27 + 7. Let u be ((-22)/(-44))/(2/8). Let k(y) = -y**3 - 21*y**2 + 12*y**u - 1 + 4*y**2. What is k(j)?
-17
Let m = 97 - -52. Let j = 142 - m. Let h(n) be the second derivative of -n**3/6 - n**2 + 3*n. Calculate h(j).
5
Let v(y) = 0*y**3 - 15637 - 24*y + 15635 + y**3 + 23*y**2. Determine v(-24).
-2
Let q(t) = 100 - 204 + t**2 + 58. Determine q(0).
-46
Let a(i) = 24*i**2 + 319*i + 52. Let r(p) = -6*p**2 - 79*p - 13. Let k(w) = 4*a(w) + 17*r(w). Calculate k(-11).
-2
Let w be 0 + (-7 + (-75)/(-6))/(1/2). Let z(c) = -c + 14. Determine z(w).
3
Let a(g) be the first derivative of g**4/4 + 5*g**3 + 27*g**2/2 + 5*g - 772. Give a(-13).
-8
Let v(c) be the third derivative of c**4/24 - 5*c**3/6 + 1811*c**2. Give v(11).
6
Suppose 3*d - 3*a = 30, 51*a - 49*a + 50 = 5*d. Let i(n) = 5*n - 101. What is i(d)?
-51
Let n(z) = z**2 - 29*z + 62. Let x = -379 + 405. Calculate n(x).
-16
Let j(b) = 10*b - 4. Let o(z) = -7*z + 3. Let d(k) = -5*j(k) - 7*o(k). Let t be (25/(-75))/(1/6) + 8. Calculate d(t).
-7
Let f(p) be the first derivative of 19*p**3/3 - p**2 + p - 682. Calculate f(1).
18
Let o(z) be the third derivative of -z**5/60 - 5*z**4/24 + 11*z**3/6 + 110*z**2. Let n be o(0). Let l(r) = -r**3 + 10*r**2 + 10*r + 13. Determine l(n).
2
Let l(i) be the second derivative of 2*i**2 + 37 + 1/2*i**3 - 2*i. Let o be 2/(-1) + (10 - 13). Calculate l(o).
-11
Let p(q) = -q**3 + q**2 - q + 4. Let v = -471 + 469. Let d(t) = 29*t + 58. Let b be d(v). Calculate p(b).
4
Let r(t) = -2*t + 595780 - 595751 - t. Give r(-12).
65
Let d(u) = -7*u + 2. Let t(c) = 4*c**2 - 71*c + 322. Let p be t(10). Calculate d(p).
-82
Let m(n) = n**2 - 25*n + 7. Suppose -56*u - 23 = -1423. Calculate m(u).
7
Let m(v) be the second derivative of v**3/6 + 5*v**2 + 115*v. What is m(17)?
27
Suppose -10 - 53 = -22*d - 41. Let a(m) = -3*m**2 + 4*m - 1. Let g = 10 - 6. Let n(c) = -6*c**2 + 7*c - 2. Let x(p) = g*n(p) - 7*a(p). What is x(d)?
-4
Let o(n) = 11*n - 119. Let r be o(11). Let j(l) = 3 + 7 + 0 + 4*l - l**r - 6 - 1. Determine j(3).
6
Let o(x) be the second derivative of -1/6*x**3 + 13/2*x**2 + 1/8*x**4 + 0 + 28*x. Let j(t) be the first derivative of o(t). Determine j(3).
8
Suppose -53*l + 13*l = -200. Let g(q) = -q**2 + 3*q. Let f(b) = -6*b**2 + 28*b - 9. Let o(j) = l*g(j) - f(j). Determine o(11).
-13
Let d(p) = -19*p - 59 - 1714*p**2 + 11 - 7*p**3 + 8*p**3 + 1729*p**2. Give d(-16).
0
Let v(i) = i**2 + 10*i - 2. Let p(c) = -c**2 + 23*c + 559. Let o be p(38). Give v(o).
9
Let h(l) = -l**3 + 6*l**2 - l + 3. Let k = 5371 - 5366. Give h(k).
23
Let c be ((-18)/60*5)/((-9)/6). Let v(z) be the first derivative of -5*z**4/12 - z**3/6 - 2*z**2 - 4. Let d(s) be the second derivative of v(s). Give d(c).
-11
Let b = -166 + 159. Let r = b + 7. Let k(s) = s**2 + s + 6. Give k(r).
6
Let u(p) = -12*p - 4. Suppose 39*y = 22*y + 272. Suppose 3*q + w = -y, -2*q - 7 = 9*w - 12*w. Give u(q).
56
Let v(b) be the second derivative of b**5/20 - 7*b**4/6 + 5*b**3/2 + 5*b**2/2 + 1046*b. What is v(13)?
31
Let q = 5 + -1. Let h = 0 - q. Let r(z) = -z - 1. Let w(m) = 5*m + 3. Let u(k) = r(k) + w(k). Calculate u(h).
-14
Let y(q) = 2*q. Let z(j) = -j**3 + 9*j**2 + 12*j - 21. Let g be z(10). Let l(s) = 5*s + 4. Let b(u) = g*l(u) + 2*y(u). What is b(0)?
-4
Let t(r) be the second derivative of 3*r**3/2 + 23*r**2/2 + 1096*r. Calculate t(-10).
-67
Let h = 127 - 124. Let w(q) = -h*q**2 - 4 - 3*q**2 - 1248*q + 1241*q - q**3. Determine w(-5).
6
Let s(p) = 22*p + 83. Let z = 7557 + -7561. What is s(z)?
-5
Suppose 0 = -p - 7*p + 480. Suppose -p = 7*r - 67. Let t(a) = -10*a**2. Calculate t(r).
-10
Suppose 21*o - 55 - 52 = 19. Let p(c) = -5*c + 33. Give p(o).
3
Let l(d) = -d + 6. Let s(t) = 11*t**2 + 31*t - 10. Let g(p) = p**2 + p + 1. Let z(y) = 5*g(y) - s(y). Let q be z(-5). Calculate l(q).
11
Let y(k) = -194*k**2 + 200*k**2 + 9*k + k**3 + 5 - 4*k. Suppose 0 = 6*g + 39 - 9. What is y(g)?
5
Let m(y) = -4 + 4 - 18*y. Let w(l) = 1. Let p(h) = 9*h - 41. Let k(s) = p(s) - 3*w(s). Let v be k(5). Determine m(v).
-18
Let s(u) = -u**3 - 8*u**2 - 3*u + 23. Let f(z) = -z**3 + 2*z**2 - 4*z + 1. Let b be 8/6 - ((-26)/3 + 8). Let p be f(b). Calculate s(p).
-5
Let p(y) = -9*y**2 + y. Let n be p(-1). Let o(z) = z**3 + 4*z**2 - 5*z - 8. Let v(g) = -g**2 + g. Let t(d) = o(d) - 5*v(d). Determine t(n).
-8
Let x(k) = 2*k + 8. Let j(m) = 2*m + 8. Let g(y) = -4*j(y) + 5*x(y). What is g(-5)?
-2
Suppose -37 + 115 = 3*o. Let d = 34 - o. Suppose -d*r + 11 + 37 = 0. Let v(f) = -f**3 + 6*f**2 + 8. Determine v(r).
8
Let y be (-5 - 12/(-8))*2. Let n(b) = -9*b**2 - 2*b + 1. Let r(s) = 29*s**2 + 7*s - 4. Let w(u) = y*n(u) - 2*r(u). Determine w(-1).
6
Let w(h) be the third derivative of h**7/840 + h**6/72 + h**5/30 + h**4/24 + 59*h**3/6 - h**2 + 3*h. Let p(x) be the first derivative of w(x). Determine p(-3).
7
Let b(w) be the second derivative of 25*w**3/6 + 77*w**2 - w - 623. What is b(-6)?
4
Suppose 0 = -5*a - 2*f + 6*f, -5*f = -5*a - 5. Let b(j) = -65*j - 35. Let m(s) = -18*s - 10. Let n(z) = 7*b(z) - 25*m(z). Calculate n(a).
-15
Let k(l) be the third derivative of -l**4/12 - 49*l**3/6 + 1655*l**2. Determine k(-28).
7
Suppose 0 = -p + s - 9, 2*s = 38*p - 33*p + 45. Let h(o) = -o**3 - 10*o**2 - 11*o - 20. Calculate h(p).
-2
Let z = 7 - 10. Let x(p) = -6 + 3 - 2*p + 38885*p**3 - 38886*p**3. Give x(z).
30
Let m(k) = -3*k**2 + k - 32. Let f = -13557 - -13557. Determine m(f).
-32
Let m(s) be the th